{"id":124,"date":"2021-12-19T19:45:26","date_gmt":"2021-12-19T18:45:26","guid":{"rendered":"https:\/\/dev.lesguyards.com\/?page_id=124"},"modified":"2022-06-27T18:19:51","modified_gmt":"2022-06-27T16:19:51","slug":"qcm","status":"publish","type":"page","link":"https:\/\/www.lesguyards.com\/index.php\/qcm\/","title":{"rendered":"QCM"},"content":{"rendered":"\n<p>Afin de vous permettre de r\u00e9ussir au mieux votre examen Th\u00e9orique CCA.<\/p>\n\n\n\n<p>Le centre des Guyards&nbsp; a mis au point un site de QCM en Ligne. Voir lien ci-dessous :<\/p>\n\n\n\n<p><a href=\"https:\/\/qcm.lesguyards.com\" target=\"_blank\" rel=\"noreferrer noopener\"><strong>https:\/\/qcm.lesguyards.com<\/strong><\/a><\/p>\n\n\n\n<figure class=\"wp-block-image size-large\"><img loading=\"lazy\" width=\"1024\" height=\"551\" src=\"https:\/\/dev.lesguyards.com\/wp-content\/uploads\/2021\/12\/qcm-lesguyards-1024x551.jpg\" alt=\"\" class=\"wp-image-125\" srcset=\"https:\/\/www.lesguyards.com\/wp-content\/uploads\/2021\/12\/qcm-lesguyards-1024x551.jpg 1024w, https:\/\/www.lesguyards.com\/wp-content\/uploads\/2021\/12\/qcm-lesguyards-300x162.jpg 300w, https:\/\/www.lesguyards.com\/wp-content\/uploads\/2021\/12\/qcm-lesguyards-768x413.jpg 768w, https:\/\/www.lesguyards.com\/wp-content\/uploads\/2021\/12\/qcm-lesguyards-1536x827.jpg 1536w, https:\/\/www.lesguyards.com\/wp-content\/uploads\/2021\/12\/qcm-lesguyards-2048x1103.jpg 2048w, https:\/\/www.lesguyards.com\/wp-content\/uploads\/2021\/12\/qcm-lesguyards-1920x1034.jpg 1920w\" sizes=\"(max-width: 1024px) 100vw, 1024px\" \/><\/figure>\n\n\n\n<p>Ce site n\u2019est disponible qu\u2019aux \u00e9l\u00e8ves de notre organisme de formation, vous recevrez&nbsp; votre identifiant ainsi que votre mot de passe par mail au d\u00e9but de votre formation.<\/p>\n\n\n\n<p><br>Le site sera actif pendant votre p\u00e9riode de formation, et sera automatiquement d\u00e9sactiv\u00e9 le jour de l\u2019examen.<\/p>\n\n\n\n<p>Avec une base de donn\u00e9e de <strong>1800 questions<\/strong>, vous aurez la possibilit\u00e9 d\u2019effectuer des <strong>QCM S\u00e9curit\u00e9, Secourisme et CCA \u00e0 volont\u00e9.<\/strong><\/p>\n\n\n\n<p><strong>Attention cela ne doit pas pour autant remplacer vos r\u00e9visions<\/strong>. Si vous faites l&rsquo;impasse sur vos livrets, cela se r\u00e9percutera sur la partie pratique de votre formation, dont l&rsquo;examen est entierement \u00e0 l&rsquo;oral. Donc pas de bachotage.<\/p>\n\n\n\n<p><br>Si vous rencontrez des difficult\u00e9s, n\u2019h\u00e9sitez pas \u00e0 nous contacter au 01.49.75.39.60.<\/p>\n","protected":false},"excerpt":{"rendered":"<p>Afin de vous permettre de r\u00e9ussir au mieux votre examen Th\u00e9orique CCA. Le centre des Guyards&nbsp; a mis au point un site de QCM en Ligne. Voir lien ci-dessous :&hellip;<\/p>\n","protected":false},"author":1,"featured_media":0,"parent":0,"menu_order":0,"comment_status":"closed","ping_status":"closed","template":"","meta":[],"_links":{"self":[{"href":"https:\/\/www.lesguyards.com\/index.php\/wp-json\/wp\/v2\/pages\/124"}],"collection":[{"href":"https:\/\/www.lesguyards.com\/index.php\/wp-json\/wp\/v2\/pages"}],"about":[{"href":"https:\/\/www.lesguyards.com\/index.php\/wp-json\/wp\/v2\/types\/page"}],"author":[{"embeddable":true,"href":"https:\/\/www.lesguyards.com\/index.php\/wp-json\/wp\/v2\/users\/1"}],"replies":[{"embeddable":true,"href":"https:\/\/www.lesguyards.com\/index.php\/wp-json\/wp\/v2\/comments?post=124"}],"version-history":[{"count":3,"href":"https:\/\/www.lesguyards.com\/index.php\/wp-json\/wp\/v2\/pages\/124\/revisions"}],"predecessor-version":[{"id":426,"href":"https:\/\/www.lesguyards.com\/index.php\/wp-json\/wp\/v2\/pages\/124\/revisions\/426"}],"wp:attachment":[{"href":"https:\/\/www.lesguyards.com\/index.php\/wp-json\/wp\/v2\/media?parent=124"}],"curies":[{"name":"wp","href":"https:\/\/api.w.org\/{rel}","templated":true}]}}