{"id":33,"date":"2021-12-18T14:34:44","date_gmt":"2021-12-18T13:34:44","guid":{"rendered":"https:\/\/dev.lesguyards.com\/?page_id=33"},"modified":"2022-09-02T15:46:22","modified_gmt":"2022-09-02T13:46:22","slug":"dispositions-generales","status":"publish","type":"page","link":"https:\/\/www.lesguyards.com\/index.php\/dispositions-generales\/","title":{"rendered":"Dispositions g\u00e9n\u00e9rales"},"content":{"rendered":"\n<h2>Pour exercer en Europe<\/h2>\n\n\n\n<ul><li>Etre ressortissant de la communaut\u00e9 Europ\u00e9enne ;<\/li><li>Etre \u00e2g\u00e9 de 18 ans r\u00e9volus ;<\/li><li>Etre tiulaire du certificat de membre d&rsquo;Equipage de cabine (CCA) ;<\/li><li>Etre en possession du certificat d&rsquo;aptitude m\u00e9dicale d\u00e9livr\u00e9 par un centre d&rsquo;expertise m\u00e9dicale, ou un m\u00e9decin agr\u00e9\u00e9 (voir listing en bas de page) ;<\/li><\/ul>\n\n\n\n<h2>Crit\u00e8res de s\u00e9lection des compagnies a\u00e9riennes :<\/h2>\n\n\n\n<ul><li>Bonne pr\u00e9sentation g\u00e9n\u00e9rale ;<\/li><li>Bonne \u00e9locution ;<\/li><li>Travail en \u00e9quipe ;<\/li><li>Un bon niveau d&rsquo;Anglais (entre 720 points et 850 points en fonction des compagnies), facteur g\u00e9n\u00e9ralement \u00e9liminatoire lors des recrutements ;<\/li><li>Avoir une culture g\u00e9n\u00e9rale satisfaisante ;<\/li><li>\u00catre titulaire du baccalaur\u00e9at ou niveau BAC (mais il est souhaitable d&rsquo;etre titulaire du BAC.<\/li><\/ul>\n\n\n\n<h2>Visite m\u00e9dicale<\/h2>\n\n\n\n<p>Bien que non exig\u00e9e pour participer \u00e0 la formation et examens th\u00e9orique et pratique du CCA, cette visite m\u00e9dicale \u00e9tant obligatoire pour acc\u00e9der aux s\u00e9lections des compagnies a\u00e9riennes, nous vous recommandons d&rsquo;effectuer celle-ci en amont afin de ne pas faire tout cela en vain.<\/p>\n\n\n\n<p>Si vous \u00eates en situation d\u2019handicap, nous contacter pour que nous puissions en discuter ensemble.<\/p>\n\n\n\n<p>Pour cela, prendre rendez-vous aupr\u00e8s d&rsquo;un m\u00e9decin agr\u00e9\u00e9, voir liste sur le lien suivant (une fois sur la page allez tout en bas et ouvrez la liste classe 2) m\u00e9decins agr\u00e9\u00e9s, ou aupr\u00e8s d&rsquo;un des Centre d&rsquo;Expertise Medicaux du Personnel Navigant ci-dessous. Le co\u00fbt de cette visite varie entre 70 et 420\u20ac euros en fonction du CEMPN ou du m\u00e9decin agr\u00e9\u00e9.<\/p>\n\n\n\n<p><\/p>\n\n\n\n<p><\/p>\n\n\n\n<h2>Liste des centres et m\u00e9decins agr\u00e9\u00e9s<\/h2>\n\n\n\n<figure class=\"wp-block-table\"><table><tbody><tr><td><strong>EMPN &#8211; CLAMART<\/strong><br><em>H\u00f4pital d\u2019instruction des Arm\u00e9es Percy<\/em><br>101, Av Henri Barbusse \u2013 BP 406<br>92141 Clamart Cedex<br>Tel : 01.41.46.70.08 \u2013 01.41.46.70.69<\/td><td><strong>CEMPN \u2013 AIR France<\/strong><br><em>Continental Square<\/em><br>3 place de Londres<br>Roissy P\u00f4le \u2013 BP 10201<br>95703 ROISSY CDG CEDEX<br>Tel : 01.48.64.98.03<\/td><\/tr><tr><td><strong>CEMPN &#8211; TOULON<\/strong><br><em>H\u00f4pital d\u2019instruction des arm\u00e9es Sainte Anne<\/em><br>Boulevard Sainte-Anne \u2013 BP 613<br>83800 Toulon Naval<br>Tel : 04.83.16.20.13<\/td><td><strong>CEMPN -TOULOUSE<\/strong><br><em>Immeuble Airport<\/em><br>8 avenue Didier daurat<br>31700 BLAGNAC<br>Tel : 05.61.71.06.71<\/td><\/tr><tr><td><strong>CEMPN &#8211; BORDEAUX<\/strong><br>351, route de Toulouse<br>33882 VILLENAVE D&rsquo;ORNON<br>Tel : 05.56.84.72.80<br>site web : www.cempnbordeaux.wix.com\/cempn<\/td><td><strong>Docteur Jean-Charles Verne<\/strong><br>co\u00fbt : 70\u20ac<br>13 rue Giuseppe Verdi<br>77185 LOGNES<br>Tel :06.52.39.48.33 &#8211; 01.64.80.40.89<\/td><\/tr><tr><td><\/td><td><\/td><\/tr><\/tbody><\/table><\/figure>\n","protected":false},"excerpt":{"rendered":"<p>Pour exercer en Europe Etre ressortissant de la communaut\u00e9 Europ\u00e9enne ; Etre \u00e2g\u00e9 de 18 ans r\u00e9volus ; Etre tiulaire du certificat de membre d&rsquo;Equipage de cabine (CCA) ; Etre&hellip;<\/p>\n","protected":false},"author":1,"featured_media":0,"parent":0,"menu_order":0,"comment_status":"closed","ping_status":"closed","template":"","meta":[],"_links":{"self":[{"href":"https:\/\/www.lesguyards.com\/index.php\/wp-json\/wp\/v2\/pages\/33"}],"collection":[{"href":"https:\/\/www.lesguyards.com\/index.php\/wp-json\/wp\/v2\/pages"}],"about":[{"href":"https:\/\/www.lesguyards.com\/index.php\/wp-json\/wp\/v2\/types\/page"}],"author":[{"embeddable":true,"href":"https:\/\/www.lesguyards.com\/index.php\/wp-json\/wp\/v2\/users\/1"}],"replies":[{"embeddable":true,"href":"https:\/\/www.lesguyards.com\/index.php\/wp-json\/wp\/v2\/comments?post=33"}],"version-history":[{"count":3,"href":"https:\/\/www.lesguyards.com\/index.php\/wp-json\/wp\/v2\/pages\/33\/revisions"}],"predecessor-version":[{"id":449,"href":"https:\/\/www.lesguyards.com\/index.php\/wp-json\/wp\/v2\/pages\/33\/revisions\/449"}],"wp:attachment":[{"href":"https:\/\/www.lesguyards.com\/index.php\/wp-json\/wp\/v2\/media?parent=33"}],"curies":[{"name":"wp","href":"https:\/\/api.w.org\/{rel}","templated":true}]}}